{"version":"1.0","type":"rich","provider_name":"Les Sept Dormants au Vieux-March\u00e9","provider_url":"http:\/\/septdormants-levieuxmarche.fr","title":"Avec le Collectif ESPOIRS au Pardon 2019","author_name":"Patrick Sala\u00fcn","width":"480","height":"295","url":"https:\/\/www.septdormants-levieuxmarche.fr\/Avec-le-Collectif-ESPOIRS-au-Pardon-2019.html","html":"\u003Ch4 class='title'\u003E\u003Ca href='https:\/\/www.septdormants-levieuxmarche.fr\/Avec-le-Collectif-ESPOIRS-au-Pardon-2019.html'\u003EAvec le Collectif ESPOIRS au Pardon 2019\u003C\/a\u003E\u003C\/h4\u003E\u003Cblockquote class='spip'\u003E\u003Cp\u003ELe rendez-vous annuel du Pardon des Sept-Saints au Vieux-March\u00e9 aura lieu les 27 et 28&nbsp;juillet prochain, et portera sur le th\u00e8me du p\u00e8lerinage.\u003C\/p\u003E\u003C\/blockquote\u003E\n"}

Les Sept Dormants au Vieux-Marché

Patrick Salaün

<h4 class='title'><a href='https://www.septdormants-levieuxmarche.fr/Avec-le-Collectif-ESPOIRS-au-Pardon-2019.html'>Avec le Collectif ESPOIRS au Pardon 2019</a></h4><blockquote class='spip'><p>Le rendez-vous annuel du Pardon des Sept-Saints au Vieux-Marché aura lieu les 27 et 28&nbsp;juillet prochain, et portera sur le thème du pèlerinage.</p></blockquote>
