{"version":"1.0","type":"rich","provider_name":"Les Sept Dormants au Vieux-March\u00e9","provider_url":"http:\/\/septdormants-levieuxmarche.fr","title":"De la chapelle \u00e0 la Fontaine","author_name":"Patrick Sala\u00fcn","width":"480","height":"295","url":"https:\/\/www.septdormants-levieuxmarche.fr\/De-la-chapelle-a-la-Fontaine.html","html":"\u003Ch4 class='title'\u003E\u003Ca href='https:\/\/www.septdormants-levieuxmarche.fr\/De-la-chapelle-a-la-Fontaine.html'\u003EDe la chapelle \u00e0 la Fontaine\u003C\/a\u003E\u003C\/h4\u003E\u003Cblockquote class='spip'\u003E\u003Cp\u003EPhotos du p\u00e8lerinage aux 7 Saints, le dimanche 28&nbsp;juillet 2019, r\u00e9unissant chr\u00e9tiens, musulmans et autres amis humanistes.\u003C\/p\u003E\u003C\/blockquote\u003E\n"}

Les Sept Dormants au Vieux-Marché

De la chapelle à la Fontaine

Patrick Salaün

<h4 class='title'><a href='https://www.septdormants-levieuxmarche.fr/De-la-chapelle-a-la-Fontaine.html'>De la chapelle à la Fontaine</a></h4><blockquote class='spip'><p>Photos du pèlerinage aux 7 Saints, le dimanche 28&nbsp;juillet 2019, réunissant chrétiens, musulmans et autres amis humanistes.</p></blockquote>
