{"version":"1.0","type":"rich","provider_name":"Les Sept Dormants au Vieux-March\u00e9","provider_url":"http:\/\/septdormants-levieuxmarche.fr","title":"Le Vieux-March\u00e9, un espace d&#8217;hospitalit\u00e9","author_name":"P. Roger Perez (&dagger;)","width":"480","height":"295","url":"https:\/\/www.septdormants-levieuxmarche.fr\/Le-Vieux-Marche-un-espace-d.html","html":"\u003Ch4 class='title'\u003E\u003Ca href='https:\/\/www.septdormants-levieuxmarche.fr\/Le-Vieux-Marche-un-espace-d.html'\u003ELe Vieux-March\u00e9, un espace d&#8217;hospitalit\u00e9\u003C\/a\u003E\u003C\/h4\u003E\u003Cblockquote class='spip'\u003E\u003Cp\u003EMarie-Fran\u00e7oise Quinton a retrouv\u00e9, dans le dossier consacr\u00e9 au 50\u003Csup\u003Ee\u003C\/sup\u003E anniversaire du p\u00e8lerinage islamo-chr\u00e9tien des Sept-Saints de la revue \u003Cem class=\"spip\"\u003EHopala&nbsp;!\u003C\/em\u003E, le texte de l\u2019hom\u00e9lie que le \u003Ca href=\"spip.php?page=sigles&amp;#sigle6\" title=\"D\u00e9finition\u00a0: Les pardonneurs sont les clercs, le plus souvent des \u00e9v\u00eaques, qui pr\u00e9sident&nbsp;(\u2026)\"\u003Epardonneur\u003C\/a\u003E de l&#8217;\u00e9poque avait prononc\u00e9e le 27&nbsp;juillet 2002, \u003Ca href=\"..\/Presentation-du-pardonneur-2002.html\" class=\"spip_in\"\u003Epr\u00e9sent\u00e9 par G\u00e9rard Pr\u00e9mel\u003C\/a\u003E, alors directeur de cette revue\u2026\u003C\/p\u003E\u003C\/blockquote\u003E\n"}

Les Sept Dormants au Vieux-Marché

Le Vieux-Marché, un espace d&#8217;hospitalité

<h4 class='title'><a href='https://www.septdormants-levieuxmarche.fr/Le-Vieux-Marche-un-espace-d.html'>Le Vieux-Marché, un espace d&#8217;hospitalité</a></h4><blockquote class='spip'><p>Marie-Françoise Quinton a retrouvé, dans le dossier consacré au 50<sup>e</sup> anniversaire du pèlerinage islamo-chrétien des Sept-Saints de la revue <em class="spip">Hopala&nbsp;!</em>, le texte de l’homélie que le <a href="spip.php?page=sigles&amp;#sigle6" title="Définition : Les pardonneurs sont les clercs, le plus souvent des évêques, qui président&nbsp;(…)">pardonneur</a> de l&#8217;époque avait prononcée le 27&nbsp;juillet 2002, <a href="../Presentation-du-pardonneur-2002.html" class="spip_in">présenté par Gérard Prémel</a>, alors directeur de cette revue…</p></blockquote>
