{"version":"1.0","type":"rich","provider_name":"Les Sept Dormants au Vieux-March\u00e9","provider_url":"http:\/\/septdormants-levieuxmarche.fr","title":"Premi\u00e8res photos de la marche du Collectif ESPOIRS du Yaudet \u00e0 Lannion","author_name":"Bertrand de Villeneuve","width":"480","height":"295","url":"https:\/\/www.septdormants-levieuxmarche.fr\/Premieres-photos-de-la-marche-du.html","html":"\u003Ch4 class='title'\u003E\u003Ca href='https:\/\/www.septdormants-levieuxmarche.fr\/Premieres-photos-de-la-marche-du.html'\u003EPremi\u00e8res photos de la marche du Collectif ESPOIRS du Yaudet \u00e0 Lannion\u003C\/a\u003E\u003C\/h4\u003E\u003Cblockquote class='spip'\u003E\n\u003Cp\u003ELe Collectif ESPOIRS organise une marche de la chapelle du Yaudet \u00e0 la chapelle des Sept-Saints dans le cadre du Pardon. \n\n Le vendredi 26&nbsp;juillet \u00e0 17h, marche au d\u00e9part du Yaudet, puis le lendemain samedi 27&nbsp;juillet, d\u00e9part \u00e0 9h30 de la gare de Lannion pour rallier le p\u00e8lerinage \u00e0 Vieux-March\u00e9.\u003C\/p\u003E\n\u003C\/blockquote\u003E\n"}

Les Sept Dormants au Vieux-Marché

Premières photos de la marche du Collectif ESPOIRS du Yaudet à Lannion

<h4 class='title'><a href='https://www.septdormants-levieuxmarche.fr/Premieres-photos-de-la-marche-du.html'>Premières photos de la marche du Collectif ESPOIRS du Yaudet à Lannion</a></h4><blockquote class='spip'>
<p>Le Collectif ESPOIRS organise une marche de la chapelle du Yaudet à la chapelle des Sept-Saints dans le cadre du Pardon. 

 Le vendredi 26&nbsp;juillet à 17h, marche au départ du Yaudet, puis le lendemain samedi 27&nbsp;juillet, départ à 9h30 de la gare de Lannion pour rallier le pèlerinage à Vieux-Marché.</p>
</blockquote>
