{"version":"1.0","type":"rich","provider_name":"Les Sept Dormants au Vieux-March\u00e9","provider_url":"http:\/\/septdormants-levieuxmarche.fr","title":"Retour sur le Pardon 2022","author_name":"Association Sources des Sept Dormants, \nMarie-Fran\u00e7oise Quinton","width":"480","height":"295","url":"https:\/\/www.septdormants-levieuxmarche.fr\/Retour-sur-le-Pardon-2022.html","html":"\u003Ch4 class='title'\u003E\u003Ca href='https:\/\/www.septdormants-levieuxmarche.fr\/Retour-sur-le-Pardon-2022.html'\u003ERetour sur le Pardon 2022\u003C\/a\u003E\u003C\/h4\u003E\u003Cblockquote class='spip'\u003E\n\u003Cp\u003ELes pr\u00e9liminaires \n\nNous nous sommes r\u00e9veill\u00e9s tardivement pour pr\u00e9parer le pardon. En effet, ce n\u2019est qu\u2019\u00e0 la mi-juin que les acteurs de l\u2019\u00e9v\u00e9nement (la paroisse, la mairie, l\u2019association Sources des Sept-Dormants et Tud ar Seizh Sant) se sont r\u00e9unis pour s\u2019accorder sur le &#171;&nbsp;qui fait quoi&nbsp;?&nbsp;&#187; dans les pr\u00e9paratifs. L\u2019association Sources des Sept Dormants avait d\u00e9j\u00e0, depuis plusieurs mois, d\u00e9cid\u00e9 que la rencontre traditionnelle du samedi apr\u00e8s-midi \u00e0 la salle des f\u00eates du Vieux-March\u00e9 serait&nbsp;(\u2026)\u003C\/p\u003E\n\u003C\/blockquote\u003E\n"}

Les Sept Dormants au Vieux-Marché

Association Sources des Sept Dormants, 
Marie-Françoise Quinton

<h4 class='title'><a href='https://www.septdormants-levieuxmarche.fr/Retour-sur-le-Pardon-2022.html'>Retour sur le Pardon 2022</a></h4><blockquote class='spip'>
<p>Les préliminaires 

Nous nous sommes réveillés tardivement pour préparer le pardon. En effet, ce n’est qu’à la mi-juin que les acteurs de l’événement (la paroisse, la mairie, l’association Sources des Sept-Dormants et Tud ar Seizh Sant) se sont réunis pour s’accorder sur le &#171;&nbsp;qui fait quoi&nbsp;?&nbsp;&#187; dans les préparatifs. L’association Sources des Sept Dormants avait déjà, depuis plusieurs mois, décidé que la rencontre traditionnelle du samedi après-midi à la salle des fêtes du Vieux-Marché serait&nbsp;(…)</p>
</blockquote>
